{"id":5092,"date":"2024-02-23T11:34:44","date_gmt":"2024-02-23T09:34:44","guid":{"rendered":"https:\/\/gnosissuisse.ch\/?post_type=evenements&#038;p=5092"},"modified":"2026-01-06T09:46:43","modified_gmt":"2026-01-06T07:46:43","slug":"corso-di-auto-conocimiento-a-zurigo","status":"publish","type":"evenements","link":"https:\/\/gnosissuisse.ch\/it\/eventos\/corso-di-auto-conocimiento-a-zurigo\/","title":{"rendered":"CORSO DI AUTOCONOCIMIENTO A ZURIGO"},"content":{"rendered":"<p>APERTURA DELLA CONFERENZA VIERNES 23 DE FEB- 19 HS<\/p>\n\n\n\n<p>Alcuni temi da sviluppare:<br>Il desiderio della coscienza - Eliminazione dei difetti psicol\u00f3gici - Meditazione e rilassamento - Chakra e Mantrams - Personalit\u00e0, sentimento ed Ego - Le Sei Dimensioni della Natura - Significato Oculto dei Sue\u00f1os - Sconfinamento Astrale - Evoluzione e Involuzione - L'Alma e i corpi interni - La legge del destino.<br>CORSO LIBERO E GRATUITO<\/p>\n\n\n\n<p>Completi i suoi dati per prenotare una camera!<\/p>\n\n\n\n<p>Tutti i luned\u00ec e le sere alle ore 19:00. (Apertura del corso: venerd\u00ec 23 febbraio, ore 19:00).<\/p>","protected":false},"author":7,"featured_media":5094,"template":"","meta":[],"class_list":["post-5092","evenements","type-evenements","status-publish","has-post-thumbnail","hentry"],"_links":{"self":[{"href":"https:\/\/gnosissuisse.ch\/it\/wp-json\/wp\/v2\/evenements\/5092","targetHints":{"allow":["GET"]}}],"collection":[{"href":"https:\/\/gnosissuisse.ch\/it\/wp-json\/wp\/v2\/evenements"}],"about":[{"href":"https:\/\/gnosissuisse.ch\/it\/wp-json\/wp\/v2\/types\/evenements"}],"author":[{"embeddable":true,"href":"https:\/\/gnosissuisse.ch\/it\/wp-json\/wp\/v2\/users\/7"}],"wp:featuredmedia":[{"embeddable":true,"href":"https:\/\/gnosissuisse.ch\/it\/wp-json\/wp\/v2\/media\/5094"}],"wp:attachment":[{"href":"https:\/\/gnosissuisse.ch\/it\/wp-json\/wp\/v2\/media?parent=5092"}],"curies":[{"name":"wp","href":"https:\/\/api.w.org\/{rel}","templated":true}]}}

<p>APERTURA DELLA CONFERENZA VIERNES 23 DE FEB- 19 HS</p>



<p>Alcuni temi da sviluppare:<br>Il desiderio della coscienza - Eliminazione dei difetti psicológici - Meditazione e rilassamento - Chakra e Mantrams - Personalità, sentimento ed Ego - Le Sei Dimensioni della Natura - Significato Oculto dei Sueños - Sconfinamento Astrale - Evoluzione e Involuzione - L'Alma e i corpi interni - La legge del destino.<br>CORSO LIBERO E GRATUITO</p>



<p>Completi i suoi dati per prenotare una camera!</p>



<p>Tutti i lunedì e le sere alle ore 19:00. (Apertura del corso: venerdì 23 febbraio, ore 19:00).</p>
