{"id":5092,"date":"2024-02-23T11:34:44","date_gmt":"2024-02-23T09:34:44","guid":{"rendered":"https:\/\/gnosissuisse.ch\/?post_type=evenements&#038;p=5092"},"modified":"2026-01-06T09:46:43","modified_gmt":"2026-01-06T07:46:43","slug":"curso-de-autoconocimiento-en-zurich","status":"publish","type":"evenements","link":"https:\/\/gnosissuisse.ch\/es\/eventos\/curso-de-autoconocimiento-en-zurich\/","title":{"rendered":"CURSO DE AUTOCONOCIMIENTO EN ZURICH"},"content":{"rendered":"<p>CONFERENCIA APERTURA VIERNES 23 DE FEB- 19 HS<\/p>\n\n\n\n<p>Algunos temas a desarrollar:<br>El Despertar de la Conciencia - Eliminaci\u00f3n de los defectos psicol\u00f3gicos- Meditaci\u00f3n y Relajaci\u00f3n - Chakras y Mantrams - Personalidad, Esencia y Ego - Las Siete Dimensiones de la Naturaleza - Significado Oculto de los Sue\u00f1os - Desdoblamiento Astral - Evoluci\u00f3n e Involuci\u00f3n - El Alma y los Cuerpos Internos - Ley del destino.<br>CURSO LIBRE Y GRATUITO<\/p>\n\n\n\n<p>Complete sus datos para reservar una habitaci\u00f3n<\/p>\n\n\n\n<p>Cada Lunes y Viernes a las 07:00pm. (Apertura de curso: Viernes 23 de Febrero 7:00pm)<\/p>","protected":false},"author":7,"featured_media":5094,"template":"","meta":[],"class_list":["post-5092","evenements","type-evenements","status-publish","has-post-thumbnail","hentry"],"_links":{"self":[{"href":"https:\/\/gnosissuisse.ch\/es\/wp-json\/wp\/v2\/evenements\/5092","targetHints":{"allow":["GET"]}}],"collection":[{"href":"https:\/\/gnosissuisse.ch\/es\/wp-json\/wp\/v2\/evenements"}],"about":[{"href":"https:\/\/gnosissuisse.ch\/es\/wp-json\/wp\/v2\/types\/evenements"}],"author":[{"embeddable":true,"href":"https:\/\/gnosissuisse.ch\/es\/wp-json\/wp\/v2\/users\/7"}],"wp:featuredmedia":[{"embeddable":true,"href":"https:\/\/gnosissuisse.ch\/es\/wp-json\/wp\/v2\/media\/5094"}],"wp:attachment":[{"href":"https:\/\/gnosissuisse.ch\/es\/wp-json\/wp\/v2\/media?parent=5092"}],"curies":[{"name":"wp","href":"https:\/\/api.w.org\/{rel}","templated":true}]}}

<p>CONFERENCIA APERTURA VIERNES 23 DE FEB- 19 HS</p>



<p>Algunos temas a desarrollar:<br>El Despertar de la Conciencia - Eliminación de los defectos psicológicos- Meditación y Relajación - Chakras y Mantrams - Personalidad, Esencia y Ego - Las Siete Dimensiones de la Naturaleza - Significado Oculto de los Sueños - Desdoblamiento Astral - Evolución e Involución - El Alma y los Cuerpos Internos - Ley del destino.<br>CURSO LIBRE Y GRATUITO</p>



<p>Complete sus datos para reservar una habitación</p>



<p>Cada Lunes y Viernes a las 07:00pm. (Apertura de curso: Viernes 23 de Febrero 7:00pm)</p>
