{"id":5044,"date":"2023-08-21T10:47:44","date_gmt":"2023-08-21T08:47:44","guid":{"rendered":"https:\/\/gnosissuisse.ch\/?post_type=evenements&#038;p=5044"},"modified":"2026-01-06T09:45:17","modified_gmt":"2026-01-06T07:45:17","slug":"curso-de-autoconocimiento-gnosis","status":"publish","type":"evenements","link":"https:\/\/gnosissuisse.ch\/es\/eventos\/curso-de-autoconocimiento-gnosis\/","title":{"rendered":"Gnosis - Curso de autoconocimiento"},"content":{"rendered":"<p>en Ginebra. <\/p>\n\n\n\n<p>Los temas incluyen: Despertar de la conciencia - Meditaci\u00f3n y relajaci\u00f3n - Chakras y mantras - Personalidad, esencia y ego - Leyes metaf\u00edsicas y biolog\u00eda esot\u00e9rica - El significado de los sue\u00f1os - Viaje astral - Relaciones humanas - El sabio uso de la energ\u00eda - Evoluci\u00f3n e involuci\u00f3n. ENTRADA GRATUITA<\/p>\n\n\n\n<p>En franc\u00e9s: lunes y viernes a las 18.30 horas.<\/p>\n\n\n\n<p>En espa\u00f1ol: lunes y viernes a las 20.00 horas.<\/p>\n\n\n\n<p><\/p>","protected":false},"author":7,"featured_media":5062,"template":"","meta":[],"class_list":["post-5044","evenements","type-evenements","status-publish","has-post-thumbnail","hentry"],"_links":{"self":[{"href":"https:\/\/gnosissuisse.ch\/es\/wp-json\/wp\/v2\/evenements\/5044","targetHints":{"allow":["GET"]}}],"collection":[{"href":"https:\/\/gnosissuisse.ch\/es\/wp-json\/wp\/v2\/evenements"}],"about":[{"href":"https:\/\/gnosissuisse.ch\/es\/wp-json\/wp\/v2\/types\/evenements"}],"author":[{"embeddable":true,"href":"https:\/\/gnosissuisse.ch\/es\/wp-json\/wp\/v2\/users\/7"}],"wp:featuredmedia":[{"embeddable":true,"href":"https:\/\/gnosissuisse.ch\/es\/wp-json\/wp\/v2\/media\/5062"}],"wp:attachment":[{"href":"https:\/\/gnosissuisse.ch\/es\/wp-json\/wp\/v2\/media?parent=5044"}],"curies":[{"name":"wp","href":"https:\/\/api.w.org\/{rel}","templated":true}]}}

<p>en Ginebra. </p>



<p>Los temas incluyen: Despertar de la conciencia - Meditación y relajación - Chakras y mantras - Personalidad, esencia y ego - Leyes metafísicas y biología esotérica - El significado de los sueños - Viaje astral - Relaciones humanas - El sabio uso de la energía - Evolución e involución. ENTRADA GRATUITA</p>



<p>En francés: lunes y viernes a las 18.30 horas.</p>



<p>En español: lunes y viernes a las 20.00 horas.</p>



<p></p>
