{"id":5092,"date":"2024-02-23T11:34:44","date_gmt":"2024-02-23T09:34:44","guid":{"rendered":"https:\/\/gnosissuisse.ch\/?post_type=evenements&#038;p=5092"},"modified":"2026-01-06T09:46:43","modified_gmt":"2026-01-06T07:46:43","slug":"kurs-zur-selbsterkenntnis-in-zurich","status":"publish","type":"evenements","link":"https:\/\/gnosissuisse.ch\/de\/veranstaltungen\/kurs-zur-selbsterkenntnis-in-zurich\/","title":{"rendered":"Kurs zur Selbsterkenntnis in Z\u00fcrich"},"content":{"rendered":"<p>Er\u00f6ffnungskonferenz am Freitag, den 23. Februar um 19 Uhr<\/p>\n\n\n\n<p>Einige zu behandelnde Themen:<br>Die Verzweiflung des Bewusstseins - Beseitigung der psychologischen Defekte - Meditation und Entspannung - Chakras und Mantrams - Pers\u00f6nlichkeit, Wesen und Ich - Die sieben Dimensionen der Natur - Die okkulte Bedeutung der Tr\u00e4ume - Astrale Desdoblamierung - Evolution und Involuci\u00f3n - Das Alma und die inneren Organe - Das Gesetz des Schicksals.<br>Kostenloser und freier Kurs<\/p>\n\n\n\n<p>Bitte geben Sie Ihre Daten ein, um einen Platz zu reservieren.<\/p>\n\n\n\n<p>Jeden Montag und Freitag um 19:00 Uhr. (Kursbeginn: Freitag, 23. Februar, 19:00 Uhr)<\/p>","protected":false},"author":7,"featured_media":5094,"template":"","meta":[],"class_list":["post-5092","evenements","type-evenements","status-publish","has-post-thumbnail","hentry"],"_links":{"self":[{"href":"https:\/\/gnosissuisse.ch\/de\/wp-json\/wp\/v2\/evenements\/5092","targetHints":{"allow":["GET"]}}],"collection":[{"href":"https:\/\/gnosissuisse.ch\/de\/wp-json\/wp\/v2\/evenements"}],"about":[{"href":"https:\/\/gnosissuisse.ch\/de\/wp-json\/wp\/v2\/types\/evenements"}],"author":[{"embeddable":true,"href":"https:\/\/gnosissuisse.ch\/de\/wp-json\/wp\/v2\/users\/7"}],"wp:featuredmedia":[{"embeddable":true,"href":"https:\/\/gnosissuisse.ch\/de\/wp-json\/wp\/v2\/media\/5094"}],"wp:attachment":[{"href":"https:\/\/gnosissuisse.ch\/de\/wp-json\/wp\/v2\/media?parent=5092"}],"curies":[{"name":"wp","href":"https:\/\/api.w.org\/{rel}","templated":true}]}}

Kurs zur Selbsterkenntnis in Zürich

<p>Eröffnungskonferenz am Freitag, den 23. Februar um 19 Uhr</p>



<p>Einige zu behandelnde Themen:<br>Die Verzweiflung des Bewusstseins - Beseitigung der psychologischen Defekte - Meditation und Entspannung - Chakras und Mantrams - Persönlichkeit, Wesen und Ich - Die sieben Dimensionen der Natur - Die okkulte Bedeutung der Träume - Astrale Desdoblamierung - Evolution und Involución - Das Alma und die inneren Organe - Das Gesetz des Schicksals.<br>Kostenloser und freier Kurs</p>



<p>Bitte geben Sie Ihre Daten ein, um einen Platz zu reservieren.</p>



<p>Jeden Montag und Freitag um 19:00 Uhr. (Kursbeginn: Freitag, 23. Februar, 19:00 Uhr)</p>
